{"id":55,"date":"2018-04-03T12:11:50","date_gmt":"2018-04-03T10:11:50","guid":{"rendered":"https:\/\/www.reichsamt.info\/jdr-druckerei\/?page_id=55"},"modified":"2026-02-05T19:14:19","modified_gmt":"2026-02-05T18:14:19","slug":"neues","status":"publish","type":"page","link":"https:\/\/www.reichsamt.info\/jdr-druckerei\/neues\/","title":{"rendered":"Neues bei uns"},"content":{"rendered":"<div class=\"pdfprnt-buttons pdfprnt-buttons-page pdfprnt-top-bottom-right\"><a href=\"https:\/\/www.reichsamt.info\/jdr-druckerei\/wp-json\/wp\/v2\/pages\/55?print=pdf\" class=\"pdfprnt-button pdfprnt-button-pdf\" target=\"_blank\" ><\/a><a href=\"https:\/\/www.reichsamt.info\/jdr-druckerei\/wp-json\/wp\/v2\/pages\/55?print=print\" class=\"pdfprnt-button pdfprnt-button-print\" target=\"_blank\" ><img decoding=\"async\" src=\"https:\/\/www.reichsamt.info\/jdr-druckerei\/wp-content\/plugins\/pdf-print\/images\/print.png\" alt=\"image_print\" title=\"Inhalt drucken\" \/><\/a><\/div><blockquote><p><a href=\"https:\/\/www.reichsamt.info\/jdr-druckerei\/shop\/\"><strong>Bestellung \u00fcber unseren Shop<\/strong><\/a> (<em>ohne Antrag und Dokumente ist die Bestellung auf Wartestellung<\/em>)<\/p><\/blockquote>\n<p><strong>Die staatliche <a href=\"https:\/\/www.reichsamt.info\/jdr-druckerei\/heiratsurkunde-staatlich\/\">Heiratsurkunde<\/a><br \/>\n<\/strong><\/p>\n<blockquote><p><strong>Bestellung \u00fcber unseren Shop<\/strong> (<em>ohne Antrag und Dokumente ist die Bestellung auf Wartestellung<\/em>)<\/p><\/blockquote>\n<p><strong>Die staatliche <a href=\"https:\/\/reichsdruckerei.de\/produkt\/heiratsurkunde\/\">Heiratsurkunde<\/a><br \/>\n<\/strong><\/p>\n<p>Die erste staatlich ausgestellte Geburtsurkunde seit 1920.<\/p>\n<p>&#8230;&#8230;&#8230;&#8230;&#8230;&#8230;&#8230;&#8230;&#8230;&#8230;&#8230;&#8230;&#8230;&#8230;&#8230;.<\/p>\n<p><strong>Die staatliche <a href=\"https:\/\/www.reichsamt.info\/jdr-druckerei\/geburtsurkunde\/\">Geburtsurkunde<\/a><br \/>\n<\/strong><\/p>\n<p>Die erste staatlich ausgestellte Geburtsurkunde seit 1920.<\/p>\n<p>&#8230;&#8230;&#8230;&#8230;&#8230;&#8230;&#8230;&#8230;&#8230;&#8230;&#8230;&#8230;&#8230;&#8230;&#8230;.<\/p>\n<p><strong>Die <a href=\"https:\/\/www.reichsamt.info\/jdr-druckerei\/personenstandsurkunde\/\">Personenstandsurkunde<\/a> (Registerauszug)<br \/>\n<\/strong><\/p>\n<p>Der Registerauszug kann mit oder nach der Eintragung ausgestellt werden.<\/p>\n<p>&#8230;&#8230;&#8230;&#8230;&#8230;&#8230;&#8230;&#8230;&#8230;&#8230;&#8230;&#8230;&#8230;&#8230;&#8230;.<\/p>\n<p><strong>Die <a href=\"https:\/\/www.reichsamt.info\/jdr-druckerei\/reichsangehoerigkeitsurkunde\/\">Reichs- und Staatsangeh\u00f6rigkeitsurkunde<\/a><br \/>\n<\/strong><\/p>\n<p>Der bisherige RuSta-Ausweis wird nun als RuSta-Urkunde ausgegeben.<\/p>\n<p>&#8230;&#8230;&#8230;&#8230;&#8230;&#8230;&#8230;&#8230;&#8230;&#8230;&#8230;&#8230;&#8230;&#8230;&#8230;.<\/p>\n<p><strong>Einb\u00fcrgerung bzw. Naturalisation nach Reichsrecht<br \/>\n<\/strong><\/p>\n<p>Unsere aktuelle ( <a href=\"https:\/\/www.dramt.de\/Dokumente\/Naturalisation\/Antrag-der-Einbuergerung.pdf\">Antrag-der-Einbuergerung.pdf<\/a> ) Antrag zur Einb\u00fcrgerung:<\/p>\n<p>&#8230;&#8230;&#8230;&#8230;&#8230;&#8230;&#8230;&#8230;&#8230;&#8230;&#8230;&#8230;&#8230;&#8230;&#8230;.<\/p>\n<p><strong>Unsere aktuelle <\/strong>(ab 09.09.2017)<strong> Postfach-Anschrift:<\/strong><br \/>\n<em>(<\/em><em>wie nachfolgend die Anschrift verwenden)<\/em><strong><br \/>\n<\/strong><\/p>\n<p><strong>SdI Lorenz<br \/>\nJDR-Druckerei<em><br \/>\n<\/em>Postfach 39 01 24<br \/>\n14091 Berlin<\/strong><\/p>\n<p>&#8230;&#8230;&#8230;&#8230;&#8230;&#8230;&#8230;&#8230;&#8230;&#8230;&#8230;&#8230;&#8230;&#8230;&#8230;.<\/p>\n<p><strong>Sollten Sie das BRD-Ade-Paket w\u00fcnschen, dann schauen Sie hier:<\/strong><\/p>\n<p><strong>https:\/\/www.reichsdruckerei.de\/produkt\/brd-ade-paket-deutschland\/<\/strong><\/p>\n<p><strong><a href=\"https:\/\/vb1873.webnode.com\/products\/brd-ade-paket-deutschland\/\">https:\/\/vb1873.webnode.com\/products\/brd-ade-paket-deutschland\/<\/a><\/strong><\/p>\n<p><strong>https:\/\/www.vb1873.de\/webshop\/produkt\/brd-ade-paket-deutschland\/<\/strong><\/p>\n<p><strong><a href=\"https:\/\/www.uni-spik.de\/studium\/produkt\/brd-ade-paket\/\">https:\/\/www.uni-spik.de\/studium\/produkt\/brd-ade-paket\/<\/a><\/strong><\/p>\n<p>&#8230;&#8230;&#8230;&#8230;&#8230;&#8230;&#8230;&#8230;&#8230;&#8230;&#8230;&#8230;&#8230;&#8230;&#8230;.<\/p>\n<p style=\"text-align: justify;\"><strong>Der Gewerbeschein, wird zweifach erstellt, das Original auf speziellem Papier. Das Material des original Gewerbescheins ist hochbelastbar, wasserbest\u00e4ndig, alterungsbest\u00e4ndig und resistent gegen viele organische L\u00f6sungsmittel. Zus\u00e4tzlich wird ein BRD-Abwehr-Mustertext mitgeliefert und eine amtliche Anweisung zur Abwehr der Systemvasallen. <\/strong><\/p>\n<p><strong>Hier die Seite:<\/strong><\/p>\n<p>&#8230;&#8230;&#8230;&#8230;&#8230;&#8230;&#8230;&#8230;&#8230;&#8230;&#8230;&#8230;&#8230;&#8230;..<\/p>\n<p><a href=\"https:\/\/www.amtswegweiser.de\/kontaktseiten-uebersicht\/\">Herkunfts-und Kontaktdaten<\/a><\/p>\n<p>ePost: zentrale@reichsdruckerei.de oder<br \/>\nzentrale@reichsamt-des-innern.de oder zentrale@volks-buero.de<\/p>\n<p>&#8230;&#8230;&#8230;&#8230;&#8230;&#8230;&#8230;&#8230;&#8230;&#8230;&#8230;&#8230;&#8230;&#8230;..<\/p>\n<p><strong>Postleitzahlen des Deutschen Reiches<\/strong><\/p>\n<p><a href=\"https:\/\/www.deutscher-reichsanzeiger.de\/rgbl\/rgbl-1507292-nr19-verordnung-postleitzahlen-einteilung\/\">https:\/\/www.deutscher-reichsanzeiger.de\/rgbl\/rgbl-1507292-nr19-verordnung-postleitzahlen-einteilung\/<\/a><\/p>\n<p>&#8230;&#8230;&#8230;&#8230;&#8230;&#8230;&#8230;&#8230;&#8230;&#8230;&#8230;&#8230;&#8230;&#8230;&#8230;.<\/p>\n<p><strong>Die Entlassungsurkunde<\/strong><\/p>\n<blockquote class=\"wp-embedded-content\" data-secret=\"3CK35FwQ5w\"><p><a href=\"https:\/\/www.reichsamt.info\/jdr-druckerei\/entlassungsurkunde\/\">Entlassungsurkunde aus dem Vereinigten Wirtschaftsgebiet<\/a><\/p><\/blockquote>\n<p><iframe loading=\"lazy\" class=\"wp-embedded-content\" sandbox=\"allow-scripts\" security=\"restricted\" style=\"position: absolute; visibility: hidden;\" title=\"&#8222;Entlassungsurkunde aus dem Vereinigten Wirtschaftsgebiet&#8220; &#8211; JDR Druckerei Deutschland\" src=\"https:\/\/www.reichsamt.info\/jdr-druckerei\/entlassungsurkunde\/embed\/#?secret=iDt9SSmAmu#?secret=3CK35FwQ5w\" data-secret=\"3CK35FwQ5w\" width=\"600\" height=\"338\" frameborder=\"0\" marginwidth=\"0\" marginheight=\"0\" scrolling=\"no\"><\/iframe><\/p>\n<p>&#8212;&#8212;&#8212;&#8212;&#8212;&#8212;&#8212;&#8212;&#8212;&#8212;&#8212;&#8212;&#8212;&#8211;<\/p>\n<p>Die BRD-<strong>Justiz<\/strong> ist in der <strong>absoluten Privathaftung<\/strong>, durch das Deutsche Reich<strong><br \/>\n<\/strong><\/p>\n<p><a href=\"https:\/\/www.deutscher-reichsanzeiger.de\/rgbl-1510031-nr23-gesetz-rechtspflege-deutsches-reich\/\">https:\/\/www.deutscher-reichsanzeiger.de\/rgbl-1510031-nr23-gesetz-rechtspflege-deutsches-reich\/<\/a><\/p>\n<p><a href=\"https:\/\/www.deutscher-reichsanzeiger.de\/rgbl-1510051-nr24-gesetz-richterberufung-im-deutschen-reich\/\">https:\/\/www.deutscher-reichsanzeiger.de\/rgbl-1510051-nr24-gesetz-richterberufung-im-deutschen-reich\/<\/a><\/p>\n<p>&#8212;&#8212;&#8212;&#8212;&#8212;&#8212;&#8212;&#8212;&#8212;&#8212;&#8212;&#8212;&#8212;-<\/p>\n<p>Verbindliche Postanschrift: <em>(wie nachfolgend verwenden)<\/em><br \/>\n<strong><br \/>\nSdI. Lorenz<br \/>\nJDR-Druckerei<br \/>\nPostfach 390124<br \/>\n14091 Berlin<br \/>\n<\/strong><\/p>\n<p>&nbsp;<\/p>\n<p>*******************<\/p>\n<p style=\"text-align: justify;\">Wichtiger Hinweis: <em>Bei den derzeit angeboten sogenannten Ausweisen, so auch denen der BRD, werden falsche Postleitzahlen, falsche Adler und falsche Druckereien vorget\u00e4uscht. Zus\u00e4tzlich darf verstanden werden, da\u00df auch in einem durch Staatenlose und Terroristen regierten Gebilde, es nur eine legitime Regierung geben kann und in einem souver\u00e4nen Deutschen Reich es nur eine legitimierte und berechtigte Deutsche Reichsdruckerei gibt, sowie nur ein Reichsamt des Innern. Der Adler der Fremdverwalter wie z.B. die BRD ist der &#8222;Weimarer-Republik-Adler&#8220;, jedoch nicht der des wahren Deutschen Reiches.<\/em><\/p>\n<p>Verantwortlich f\u00fcr diesen Text zeichnet sich das <a href=\"https:\/\/www.reichsamt-des-innern.de\">Reichsamt des Innern<\/a><\/p>\n<div class=\"pdfprnt-buttons pdfprnt-buttons-page pdfprnt-top-bottom-right\"><a href=\"https:\/\/www.reichsamt.info\/jdr-druckerei\/wp-json\/wp\/v2\/pages\/55?print=pdf\" class=\"pdfprnt-button pdfprnt-button-pdf\" target=\"_blank\" ><\/a><a href=\"https:\/\/www.reichsamt.info\/jdr-druckerei\/wp-json\/wp\/v2\/pages\/55?print=print\" class=\"pdfprnt-button pdfprnt-button-print\" target=\"_blank\" ><img decoding=\"async\" src=\"https:\/\/www.reichsamt.info\/jdr-druckerei\/wp-content\/plugins\/pdf-print\/images\/print.png\" alt=\"image_print\" title=\"Inhalt drucken\" \/><\/a><\/div>","protected":false},"excerpt":{"rendered":"<p>Bestellung \u00fcber unseren Shop (ohne Antrag und Dokumente ist die Bestellung auf Wartestellung) Die staatliche Heiratsurkunde Bestellung \u00fcber unseren Shop (ohne Antrag [&hellip;]<\/p>\n","protected":false},"author":1,"featured_media":0,"parent":0,"menu_order":0,"comment_status":"closed","ping_status":"closed","template":"","meta":{"footnotes":""},"class_list":["post-55","page","type-page","status-publish","hentry"],"yoast_head":"<!-- This site is optimized with the Yoast SEO plugin v27.1.1 - https:\/\/yoast.com\/product\/yoast-seo-wordpress\/ -->\n<title>Neues bei uns - Urkundendruckerei Deutsches Reich<\/title>\n<meta name=\"robots\" content=\"index, follow, max-snippet:-1, max-image-preview:large, max-video-preview:-1\" \/>\n<link rel=\"canonical\" href=\"https:\/\/www.reichsamt.info\/jdr-druckerei\/neues\/\" \/>\n<meta property=\"og:locale\" content=\"de_DE\" \/>\n<meta property=\"og:type\" content=\"article\" \/>\n<meta property=\"og:title\" content=\"Neues bei uns - Urkundendruckerei Deutsches Reich\" \/>\n<meta property=\"og:description\" content=\"Bestellung \u00fcber unseren Shop (ohne Antrag und Dokumente ist die Bestellung auf Wartestellung) Die staatliche Heiratsurkunde Bestellung \u00fcber unseren Shop (ohne Antrag [&hellip;]\" \/>\n<meta property=\"og:url\" content=\"https:\/\/www.reichsamt.info\/jdr-druckerei\/neues\/\" \/>\n<meta property=\"og:site_name\" content=\"Urkundendruckerei Deutsches Reich\" \/>\n<meta property=\"article:modified_time\" content=\"2026-02-05T18:14:19+00:00\" \/>\n<meta name=\"twitter:card\" content=\"summary_large_image\" \/>\n<meta name=\"twitter:label1\" content=\"Gesch\u00e4tzte Lesezeit\" \/>\n\t<meta name=\"twitter:data1\" content=\"2\u00a0Minuten\" \/>\n<script type=\"application\/ld+json\" class=\"yoast-schema-graph\">{\"@context\":\"https:\/\/schema.org\",\"@graph\":[{\"@type\":\"WebPage\",\"@id\":\"https:\/\/www.reichsamt.info\/jdr-druckerei\/neues\/\",\"url\":\"https:\/\/www.reichsamt.info\/jdr-druckerei\/neues\/\",\"name\":\"Neues bei uns - Urkundendruckerei Deutsches Reich\",\"isPartOf\":{\"@id\":\"https:\/\/www.reichsamt.info\/jdr-druckerei\/#website\"},\"datePublished\":\"2018-04-03T10:11:50+00:00\",\"dateModified\":\"2026-02-05T18:14:19+00:00\",\"breadcrumb\":{\"@id\":\"https:\/\/www.reichsamt.info\/jdr-druckerei\/neues\/#breadcrumb\"},\"inLanguage\":\"de\",\"potentialAction\":[{\"@type\":\"ReadAction\",\"target\":[\"https:\/\/www.reichsamt.info\/jdr-druckerei\/neues\/\"]}]},{\"@type\":\"BreadcrumbList\",\"@id\":\"https:\/\/www.reichsamt.info\/jdr-druckerei\/neues\/#breadcrumb\",\"itemListElement\":[{\"@type\":\"ListItem\",\"position\":1,\"name\":\"Startseite\",\"item\":\"https:\/\/www.reichsamt.info\/jdr-druckerei\/\"},{\"@type\":\"ListItem\",\"position\":2,\"name\":\"Neues bei uns\"}]},{\"@type\":\"WebSite\",\"@id\":\"https:\/\/www.reichsamt.info\/jdr-druckerei\/#website\",\"url\":\"https:\/\/www.reichsamt.info\/jdr-druckerei\/\",\"name\":\"Druckerei Deutschland\",\"description\":\"Bei uns erhalten sie Urkunden und Dokumente f\u00fcr Reichs- und Staatsangeh\u00f6rige und Personen die ihre Staatenlosigkeit beenden wollen.\",\"potentialAction\":[{\"@type\":\"SearchAction\",\"target\":{\"@type\":\"EntryPoint\",\"urlTemplate\":\"https:\/\/www.reichsamt.info\/jdr-druckerei\/?s={search_term_string}\"},\"query-input\":{\"@type\":\"PropertyValueSpecification\",\"valueRequired\":true,\"valueName\":\"search_term_string\"}}],\"inLanguage\":\"de\"}]}<\/script>\n<!-- \/ Yoast SEO plugin. -->","yoast_head_json":{"title":"Neues bei uns - Urkundendruckerei Deutsches Reich","robots":{"index":"index","follow":"follow","max-snippet":"max-snippet:-1","max-image-preview":"max-image-preview:large","max-video-preview":"max-video-preview:-1"},"canonical":"https:\/\/www.reichsamt.info\/jdr-druckerei\/neues\/","og_locale":"de_DE","og_type":"article","og_title":"Neues bei uns - Urkundendruckerei Deutsches Reich","og_description":"Bestellung \u00fcber unseren Shop (ohne Antrag und Dokumente ist die Bestellung auf Wartestellung) Die staatliche Heiratsurkunde Bestellung \u00fcber unseren Shop (ohne Antrag [&hellip;]","og_url":"https:\/\/www.reichsamt.info\/jdr-druckerei\/neues\/","og_site_name":"Urkundendruckerei Deutsches Reich","article_modified_time":"2026-02-05T18:14:19+00:00","twitter_card":"summary_large_image","twitter_misc":{"Gesch\u00e4tzte Lesezeit":"2\u00a0Minuten"},"schema":{"@context":"https:\/\/schema.org","@graph":[{"@type":"WebPage","@id":"https:\/\/www.reichsamt.info\/jdr-druckerei\/neues\/","url":"https:\/\/www.reichsamt.info\/jdr-druckerei\/neues\/","name":"Neues bei uns - Urkundendruckerei Deutsches Reich","isPartOf":{"@id":"https:\/\/www.reichsamt.info\/jdr-druckerei\/#website"},"datePublished":"2018-04-03T10:11:50+00:00","dateModified":"2026-02-05T18:14:19+00:00","breadcrumb":{"@id":"https:\/\/www.reichsamt.info\/jdr-druckerei\/neues\/#breadcrumb"},"inLanguage":"de","potentialAction":[{"@type":"ReadAction","target":["https:\/\/www.reichsamt.info\/jdr-druckerei\/neues\/"]}]},{"@type":"BreadcrumbList","@id":"https:\/\/www.reichsamt.info\/jdr-druckerei\/neues\/#breadcrumb","itemListElement":[{"@type":"ListItem","position":1,"name":"Startseite","item":"https:\/\/www.reichsamt.info\/jdr-druckerei\/"},{"@type":"ListItem","position":2,"name":"Neues bei uns"}]},{"@type":"WebSite","@id":"https:\/\/www.reichsamt.info\/jdr-druckerei\/#website","url":"https:\/\/www.reichsamt.info\/jdr-druckerei\/","name":"Druckerei Deutschland","description":"Bei uns erhalten sie Urkunden und Dokumente f\u00fcr Reichs- und Staatsangeh\u00f6rige und Personen die ihre Staatenlosigkeit beenden wollen.","potentialAction":[{"@type":"SearchAction","target":{"@type":"EntryPoint","urlTemplate":"https:\/\/www.reichsamt.info\/jdr-druckerei\/?s={search_term_string}"},"query-input":{"@type":"PropertyValueSpecification","valueRequired":true,"valueName":"search_term_string"}}],"inLanguage":"de"}]}},"_links":{"self":[{"href":"https:\/\/www.reichsamt.info\/jdr-druckerei\/wp-json\/wp\/v2\/pages\/55","targetHints":{"allow":["GET"]}}],"collection":[{"href":"https:\/\/www.reichsamt.info\/jdr-druckerei\/wp-json\/wp\/v2\/pages"}],"about":[{"href":"https:\/\/www.reichsamt.info\/jdr-druckerei\/wp-json\/wp\/v2\/types\/page"}],"author":[{"embeddable":true,"href":"https:\/\/www.reichsamt.info\/jdr-druckerei\/wp-json\/wp\/v2\/users\/1"}],"replies":[{"embeddable":true,"href":"https:\/\/www.reichsamt.info\/jdr-druckerei\/wp-json\/wp\/v2\/comments?post=55"}],"version-history":[{"count":0,"href":"https:\/\/www.reichsamt.info\/jdr-druckerei\/wp-json\/wp\/v2\/pages\/55\/revisions"}],"wp:attachment":[{"href":"https:\/\/www.reichsamt.info\/jdr-druckerei\/wp-json\/wp\/v2\/media?parent=55"}],"curies":[{"name":"wp","href":"https:\/\/api.w.org\/{rel}","templated":true}]}}