{"id":2,"date":"2017-03-30T09:07:54","date_gmt":"2017-03-30T07:07:54","guid":{"rendered":"https:\/\/www.reichsamt.info\/jdr-druckerei\/?page_id=2"},"modified":"2026-03-16T11:58:51","modified_gmt":"2026-03-16T10:58:51","slug":"startseite","status":"publish","type":"page","link":"https:\/\/www.reichsamt.info\/jdr-druckerei\/","title":{"rendered":"Urkundendruckerei und das Personenstandsregister"},"content":{"rendered":"<div class=\"pdfprnt-buttons pdfprnt-buttons-page pdfprnt-top-bottom-right\"><a href=\"https:\/\/www.reichsamt.info\/jdr-druckerei\/wp-json\/wp\/v2\/pages\/2?print=pdf\" class=\"pdfprnt-button pdfprnt-button-pdf\" target=\"_blank\" ><\/a><a href=\"https:\/\/www.reichsamt.info\/jdr-druckerei\/wp-json\/wp\/v2\/pages\/2?print=print\" class=\"pdfprnt-button pdfprnt-button-print\" target=\"_blank\" ><img decoding=\"async\" src=\"https:\/\/www.reichsamt.info\/jdr-druckerei\/wp-content\/plugins\/pdf-print\/images\/print.png\" alt=\"image_print\" title=\"Inhalt drucken\" \/><\/a><\/div><div id=\"jdr-druckerei\" class=\"content-section content-section-spacing\" data-id=\"initial-content-section\" data-export-id=\"initial-content-section\" data-label=\"JDR Druckerei\">\n<div class=\"gridContainer\">\n<div class=\"row\">\n<div class=\"col-xs-12 col-sm-12\">\n<section class=\"split3 clearfix\">\n<div class=\"span2 case\" style=\"text-align: justify;\">Legitimation der Reichsdruckerei, <a href=\"https:\/\/www.deutscher-reichsanzeiger.de\/rgbl-1006276-nr22-erlass-reichsdruckerei\/\">siehe hier<\/a><a href=\"https:\/\/www.deutscher-reichsanzeiger.de\/rgbl-2310132-nr04-erlass-betreffend-die-einrichtung-des-reichsgewerbeamtes-als-oberste-reichsbehoerde\/\">.<\/a> \/ Unsere Seiten von Google durchsuchen lassen.<br \/>\n<a href=\"https:\/\/www.google.com\/search?client=firefox-b-d&amp;q=reichsdruckerei.de\"><span style=\"font-size: 18pt;\">Suche starten<\/span><\/a> \u2013 Die Domain deutsche-reichsdruckerei.de und jdr-druckerei sind die staatlich legitimierten Druckereien.<\/div>\n<div>\n<hr \/>\n<\/div>\n<\/section>\n<\/div>\n<\/div>\n<\/div>\n<\/div>\n<div id=\"jdr-druckerei\" class=\"content-section content-section-spacing\" data-id=\"initial-content-section\" data-export-id=\"initial-content-section\" data-label=\"JDR Druckerei\">\n<div class=\"gridContainer\">\n<div class=\"row\">\n<div class=\"col-xs-12 col-sm-12\">\n<section class=\"split3 clearfix\">\n<aside class=\"case\">\n<div id=\"jdr-druckerei\" class=\"content-section content-section-spacing\" data-id=\"initial-content-section\" data-export-id=\"initial-content-section\" data-label=\"JDR Druckerei\">\n<div class=\"gridContainer\">\n<div class=\"row\">\n<div class=\"col-xs-12 col-sm-12\">\n<section class=\"split3 clearfix\">\n<div class=\"span2 case\">\n<article>\n<article><em>Kurzfassung:<\/em> <strong>Ab 2008 distanzieren wir uns offenkundig von Reichsb\u00fcrgern, deren Verschw\u00f6rungstheorien, Handlungen und Unterstellungen, denn wir sind Reichs- und Staatsangeh\u00f6rige nach dem RuStaG 1913.<\/strong><\/article>\n<article>\n<hr \/>\n<\/article>\n<\/article>\n<article class=\"field-case\">Die Eintragung der nat\u00fcrlichen \u201eDeutsch\u201cen ins <a class=\"\" href=\"https:\/\/www.bundespraesidium.de\/standesamt\/deutschland\" target=\"_blank\" rel=\"noopener\">Personenstandsregister<\/a> regelt das <a class=\"\" href=\"https:\/\/www.deutscher-reichsanzeiger.de\/rgbl\/personenstandsgesetz-1875-stand-18-08-1896\" target=\"_blank\" rel=\"noopener\">Personenstandsgesetz<\/a> in Verbindung mit der Einb\u00fcrgerung der nat\u00fcrlichen \u201eDeutsch\u201cen und auch der ausl\u00e4ndischen Mitmenschen das <a class=\"\" href=\"https:\/\/www.deutscher-reichsanzeiger.de\/rgbl\/rustag-1913\" target=\"_blank\" rel=\"noopener\">Reichs- und Staatsangeh\u00f6rigkeitsgesetz (RuStAG)<\/a>. Gem\u00e4\u00df \u201eBundesverfassungsgericht\u201c-Urteil vom 31.07.1973* hat das Deutsche Reich (davon ausgeschlossen ist die Weimarer Republik, der F\u00fchrerstaat, das Gro\u00dfdeutsche Reich und die BRD vor 1990 das vereinte Deutschland nach 1990) den Zusammenbruch \u00fcberlebt und hat nach wie vor Rechtsg\u00fcltigkeit und ist seit dem Jahr 2008 begrenzt handlungsf\u00e4hig. <strong>Unser Ziel ist ein modernes souver\u00e4nes Deutschland<\/strong> im Einklang mit den V\u00f6lkern der Erde. Diesbez\u00fcglich sind die Grenzen, wie diese zum 31. Juli 1914 bestanden, der unver\u00e4u\u00dferliche und nicht verhandelbare Gebietsstand, als ewiger Bund im Rechtskreis Deutschlands als Nationalstaat mit seinen Bundesstaaten im Deutschen Reich.<\/article>\n<article class=\"field-case\">Sie interessieren sich f\u00fcr die staatlichen Reichsdokumente, dann lesen Sie bitte auch die jeweiligen Vorschriften zu den Dokumenten:<\/article>\n<\/div>\n<\/section>\n<\/div>\n<\/div>\n<\/div>\n<\/div>\n<article>\n<blockquote>\n<h2>(<em>ohne Antrag und Dokumente ist die Bestellung auf Wartestellung<\/em>)<\/h2>\n<\/blockquote>\n<\/article>\n<div id=\"jdr-druckerei\" class=\"content-section content-section-spacing\" data-id=\"initial-content-section\" data-export-id=\"initial-content-section\" data-label=\"JDR Druckerei\">\n<div class=\"gridContainer\">\n<div class=\"row\">\n<div class=\"col-xs-12 col-sm-12\">\n<section class=\"split3 clearfix\">\n<div class=\"span2 case\">\n<article class=\"field-case\">\n<div>\n<table style=\"width: 73.8689%; height: 833px;\" border=\"0\" cellspacing=\"0\" cellpadding=\"0\">\n<tbody>\n<tr style=\"height: 28px;\">\n<td style=\"width: 85.1836%; height: 28px;\" width=\"310\" height=\"20\"><span style=\"font-size: 14pt;\"><strong>Zu den Seiten unserer staatlichen Dokumente<\/strong><\/span><\/td>\n<td style=\"width: 100.708%; height: 28px;\" valign=\"middle\" width=\"85\" height=\"20\"><span style=\"font-size: 14pt;\"><strong>Antr\u00e4ge in pdf<br \/>\n<\/strong><\/span><\/td>\n<\/tr>\n<tr style=\"height: 44px;\">\n<td style=\"width: 85.1836%; height: 44px; border-style: solid; border-color: #1109eb;\"><span style=\"font-size: 14pt;\"><strong><a href=\"https:\/\/www.reichsamt.info\/jdr-druckerei\/personenstandsregister-deutschland-des-deutschen-reiches\/\"><span style=\"color: #0000ff;\">Antrag zur Eintragung ins Personenstandsregister<\/span><\/a><\/strong><br \/>\n<a href=\"https:\/\/www.reichsamt.info\/jdr-druckerei\/personenausweis\">(Grundvoraussetzung f\u00fcr die Reichs- und Staatsangeh\u00f6rigkeit)<\/a><strong><br \/>\n<\/strong><\/span><\/td>\n<td style=\"width: 100.708%; height: 44px; border-style: solid; border-color: #1109eb;\"><span style=\"font-size: 14pt;\"><strong><a href=\"https:\/\/www.dramt.de\/Dokumente\/Registereintragung\/Antrag-Reichs-Registereintragung-2026.pdf\">EPSRA<\/a><br \/>\n<\/strong><\/span><\/td>\n<\/tr>\n<tr style=\"height: 64px;\">\n<td style=\"width: 85.1836%; height: 64px;\" width=\"281\" height=\"20\"><span style=\"font-size: 14pt;\"><a href=\"https:\/\/www.reichsamt.info\/jdr-druckerei\/personenausweis\"><strong><span style=\"color: #0000ff;\">Reichs-Personenausweis<\/span><\/strong> (wichtigstes Dokument, um die Fahrerlaubnis und den Reisepa\u00df erwerben zu k\u00f6nnen)<\/a><\/span><\/td>\n<td style=\"width: 100.708%; height: 64px;\" width=\"85\"><span style=\"font-size: 14pt;\"><a class=\"\" href=\"https:\/\/www.dramt.de\/Dokumente\/Personenausweis\/RPA-Antrag-KDR.pdf\"><strong>RPA<\/strong><\/a><\/span><\/td>\n<\/tr>\n<tr style=\"height: 39px;\">\n<td style=\"width: 85.1836%; height: 39px;\" width=\"281\" height=\"20\"><span style=\"font-size: 14pt;\"><a href=\"https:\/\/www.reichsamt.info\/jdr-druckerei\/reichsangehoerigkeitsurkunde\"><strong><span style=\"color: #0000ff;\">Reichs- und Staatsangeh\u00f6rigkeitsurkunde<\/span><\/strong> (BuStaU+RuStaU)<\/a><\/span><\/td>\n<td style=\"width: 100.708%; height: 39px;\" width=\"85\"><span style=\"font-size: 14pt;\"><a class=\"\" href=\"https:\/\/www.dramt.de\/Dokumente\/Staatsangehoerigkeit\/Antrag-fuer-RuStaG-Ausweis.pdf\"><strong>RuStaU<\/strong><\/a><\/span><\/td>\n<\/tr>\n<tr style=\"height: 39px;\">\n<td style=\"width: 85.1836%; height: 39px;\" width=\"281\" height=\"20\"><span style=\"font-size: 14pt;\"><a href=\"https:\/\/www.reichsamt.info\/jdr-druckerei\/fahrerlaubnis\"><strong><span style=\"color: #800080;\"><span style=\"color: #0000ff;\">Reichs-Fahrerlaubnis<\/span><\/span><\/strong><\/a><\/span><\/td>\n<td style=\"width: 100.708%; height: 39px;\" width=\"85\"><span style=\"font-size: 14pt;\"><a class=\"\" href=\"https:\/\/www.dramt.de\/Dokumente\/Fahrerlaubnis\/RFE-Antrag-KDR.pdf\"><strong>RFE<\/strong><\/a><\/span><\/td>\n<\/tr>\n<tr style=\"height: 38px;\">\n<td style=\"width: 85.1836%; height: 38px;\" width=\"281\" height=\"20\"><span style=\"font-size: 14pt;\"><a href=\"https:\/\/www.reichsamt.info\/jdr-druckerei\/reichs-reisepass\"><strong><span style=\"color: #800080;\"><span style=\"color: #0000ff;\">Reichs-Reisepa\u00df<\/span><\/span><\/strong><\/a><\/span><\/td>\n<td style=\"width: 100.708%; height: 38px;\" width=\"85\"><span style=\"font-size: 14pt;\"><a class=\"\" href=\"https:\/\/www.dramt.de\/Dokumente\/Reisepass\/Reispassantrag-DR.pdf\"><strong>RRP<\/strong><\/a><\/span><\/td>\n<\/tr>\n<tr style=\"height: 34px;\">\n<td style=\"width: 85.1836%; height: 34px;\" width=\"281\" height=\"20\"><span style=\"font-size: 14pt;\"><a href=\"https:\/\/www.reichsamt.info\/jdr-druckerei\/entlassungsurkunde\"><strong><span style=\"color: #800080;\"><span style=\"color: #0000ff;\">Entlassungsurkunde<\/span><\/span><\/strong><\/a><\/span><\/td>\n<td style=\"width: 100.708%; height: 34px;\" width=\"85\"><span style=\"font-size: 14pt;\"><a class=\"\" href=\"https:\/\/www.dramt.de\/Dokumente\/Entlassungsurkunde\/Entlassungsurkunde-EUA.pdf\"><strong><span style=\"color: #800080;\"><span style=\"color: #0000ff;\">EntUrk<\/span><\/span><\/strong><\/a><\/span><\/td>\n<\/tr>\n<tr style=\"height: 93px;\">\n<td style=\"width: 85.1836%; height: 93px;\" width=\"281\" height=\"20\"><span style=\"font-size: 14pt;\"><strong><a href=\"https:\/\/www.reichsamt.info\/jdr-druckerei\/staatsangehoerigkeitsausweis\"><span style=\"color: #800080;\"><span style=\"color: #0000ff;\">Staatsangeh\u00f6rigkeitsausweis<\/span><\/span><\/a><\/strong> ist ein Begriff der Fremdregierung und wird staatlich als Reichs- und Staatsangeh\u00f6rigkeits<strong>urkunde<\/strong> gef\u00fchrt.<\/span><\/td>\n<td style=\"width: 100.708%; height: 93px;\" width=\"85\"><span style=\"font-size: 14pt;\"><strong><a class=\"\" href=\"https:\/\/www.dramt.de\/Dokumente\/Staatsangehoerigkeit\/Antrag-fuer-RuStaG-Ausweis.pdf\">RuStaU<\/a><\/strong><\/span><\/td>\n<\/tr>\n<tr style=\"height: 42px;\">\n<td style=\"width: 85.1836%; height: 42px;\" width=\"281\" height=\"20\"><span style=\"font-size: 14pt;\"><a href=\"https:\/\/www.reichsamt.info\/jdr-druckerei\/reichsgewerbe\"><strong><span style=\"color: #0000ff;\">Reichsgewerbeantrag<\/span><\/strong><\/a><\/span><\/td>\n<td style=\"width: 100.708%; height: 42px;\" width=\"85\"><span style=\"font-size: 14pt;\"><a class=\"\" href=\"https:\/\/www.dramt.de\/Dokumente\/Gewerbeantrag\/Reichsgewerbeantrag.pdf\"><strong>RGA<\/strong><\/a><\/span><\/td>\n<\/tr>\n<tr style=\"height: 41px;\">\n<td style=\"width: 85.1836%; height: 41px;\" width=\"281\" height=\"20\"><span style=\"font-size: 14pt;\"><a href=\"https:\/\/www.reichsamt.info\/jdr-druckerei\/kontakt\">Sie haben weitere Fragen, dann haben Sie hier die M\u00f6glichkeit<\/a><\/span><\/td>\n<td style=\"width: 100.708%; height: 41px;\" width=\"85\"><\/td>\n<\/tr>\n<tr style=\"height: 69px;\">\n<td style=\"width: 85.1836%; height: 69px;\" width=\"281\" height=\"36\"><a href=\"https:\/\/www.druckerei.reichsamt.info\/shop\/\"><span style=\"font-size: 14pt;\"><strong>Mit der Bestellung \u00fcber unseren Shop, erfahren sie gleich das Gesamtentgelt und die Kontodaten<\/strong><\/span><\/a><\/td>\n<td style=\"width: 100.708%; height: 69px;\" width=\"85\"><span style=\"font-size: 14pt;\"><a href=\"https:\/\/www.druckerei.reichsamt.info\/shop\/\">Shop<\/a><\/span><\/td>\n<\/tr>\n<tr style=\"height: 49px;\">\n<td style=\"width: 85.1836%; height: 49px;\" height=\"36\"><span style=\"font-size: 14pt;\"><a class=\"\" href=\"https:\/\/www.dramt.de\/Dokumente\/Preisliste-JDRDruckerei-2022.pdf\"><strong><span style=\"color: #0000ff;\">Aktuelle Preisliste staatlicher Dokumente<\/span><\/strong><\/a><\/span><\/td>\n<td style=\"width: 100.708%; height: 49px;\"><\/td>\n<\/tr>\n<tr style=\"height: 68px;\">\n<td style=\"width: 85.1836%; height: 68px;\" height=\"36\"><span style=\"font-size: 14pt;\"><a href=\"https:\/\/www.reichsamt.info\/jdr-druckerei\/personenstandsurkunde\"><strong>Personenstandsurkunde\u00a0<\/strong> (Reichs- und Staatsangeh\u00f6rige k\u00f6nnen diese, absofort hier bestellen<\/a><\/span><\/td>\n<td style=\"width: 100.708%; height: 68px;\"><span style=\"font-size: 14pt;\">PSU<\/span><\/td>\n<\/tr>\n<tr style=\"height: 43px;\">\n<td style=\"width: 85.1836%; height: 43px;\"><span style=\"font-size: 14pt;\"><strong><a href=\"https:\/\/www.reichsamt.info\/jdr-druckerei\/fuehrungszeugnis\/\">F\u00fchrungszeugnis<\/a><br \/>\n<\/strong><\/span><\/td>\n<td style=\"width: 100.708%; height: 43px;\"><span style=\"font-size: 14pt;\">F\u00fcZs<\/span><\/td>\n<\/tr>\n<tr style=\"height: 50px;\">\n<td style=\"width: 85.1836%; height: 50px;\" height=\"36\"><span style=\"font-size: 14pt;\"><a href=\"https:\/\/www.reichsamt.info\/jdr-druckerei\/geburtsurkunde\"><strong><span style=\"color: #0000ff;\">Geburtsurkunde<\/span><\/strong><\/a><\/span><\/td>\n<td style=\"width: 100.708%; height: 50px;\"><span style=\"font-size: 14pt;\"><a class=\"\" href=\"https:\/\/www.dramt.de\/Dokumente\/Geburtsurkunde\/GebU-Antrag-2022.pdf\"><strong>GebU<\/strong><\/a><\/span><\/td>\n<\/tr>\n<tr style=\"height: 46px;\">\n<td style=\"width: 85.1836%; height: 46px;\" height=\"36\"><span style=\"font-size: 14pt;\"><a href=\"https:\/\/www.reichsamt.info\/jdr-druckerei\/heiratsurkunde\"><strong><span style=\"color: #0000ff;\">Heirats- bzw. Ehe-Urkunde<\/span><\/strong><\/a><\/span><\/td>\n<td style=\"width: 100.708%; height: 46px;\"><span style=\"font-size: 14pt;\"><strong><a class=\"\" href=\"https:\/\/www.dramt.de\/Dokumente\/Eheurkunde\/EheU-Antrag-2022.pdf\">EheU<\/a><\/strong><\/span><\/td>\n<\/tr>\n<tr style=\"height: 46px;\">\n<td style=\"width: 85.1836%; height: 46px;\" height=\"36\"><span style=\"font-size: 14pt;\">Sterbeurkunde<\/span><\/td>\n<td style=\"width: 100.708%; height: 46px;\"><span style=\"font-size: 14pt;\">SterbU<\/span><\/td>\n<\/tr>\n<\/tbody>\n<\/table>\n<\/div>\n<\/article>\n<article>\n<div class=\"boxblank\">\n<h2><strong>Vorbereitung f\u00fcr den Erwerb staatlicher Dokumente, inklusive der Eintragung ins Personenstandsregister Deutschlands.<\/strong><\/h2>\n<div>Die Kosten und Antragsformulare k\u00f6nnen Sie \u00fcber unsere Shops ermitteln. Das \u201eBRD-Ade-Paket\u201c beinhaltet alle aktuellen Antr\u00e4ge, wichtige Rechtsmittel und Antworten zur Legitimation.<\/div>\n<div>\n<p>Weitere Seiten bei denen Sie das \u201eBRD-Ade-Paket\u201c bestellen k\u00f6nnen sind: <a href=\"https:\/\/www.uni-spik.de\/studium\/produkt\/brd-ade-paket\/\">https:\/\/www.uni-spik.de\/studium\/produkt\/brd-ade-paket\/<\/a> \u00a0 <a href=\"https:\/\/vb1873.webnode.com\/products\/brd-ade-paket-deutschland\/\">https:\/\/vb1873.webnode.com\/products\/brd-ade-paket-deutschland\/<\/a> \u00a0\u00a0 https:\/\/www.vb1873.de\/webshop\/produkt\/brd-ade-paket-deutschland\/<\/p>\n<\/div>\n<hr \/>\n<h3 class=\"\"><span style=\"color: #008000;\"><strong>Die nachfolgende Liste gilt nur f\u00fcr Deutsche<\/strong><\/span><\/h3>\n<p><span style=\"color: #008000;\"><strong>\u2013 Ausgef\u00fcllter und unterzeichneter Antrag, vorrangig der Reichs-Personenausweis,<\/strong><\/span><\/p>\n<p><span style=\"color: #008000;\">(die jeweiligen Antragsformulare finden Sie auf den Seiten der Dokumente oder oben als pdf verlinkt)<\/span><\/p>\n<p><span style=\"color: #008000;\">zuz\u00fcglich legen Sie bitte nachfolgende Dokumente und Bilder dem Antrag bei.<\/span><\/p>\n<p><span style=\"color: #008000;\">\u2013 <strong>Kopie Ihrer Geburts- oder Abstammungsurkunde<\/strong><\/span><\/p>\n<p><span style=\"color: #008000;\">\u2013 <strong>ein Lichtbild<\/strong><\/span><br \/>\n<span style=\"color: #008000;\">\u2013 <strong>Kopie vom BRD-Perso \/ BRD-Reisepass<\/strong><\/span><\/p>\n<p><span style=\"color: #008000;\">\u2013 <strong>Kopie vom BRD-\u201eF\u00fchrerschein\u201c oder auch internationale F\u00fchrerscheine<\/strong><\/span><\/p>\n<hr \/>\n<h3 class=\"\"><span style=\"color: #800000;\"><strong>Die nachfolgende Auflistung gilt f\u00fcr Nichtdeutsche, Fremdl\u00e4nder oder Ausl\u00e4nder.<\/strong><\/span><\/h3>\n<p><span style=\"color: #800000;\">\u2013 Ausgef\u00fcllter und unterzeichneter Antrag, vorrangig der Reichs-Personenausweis,<\/span><\/p>\n<p><span style=\"color: #800000;\">(die jeweiligen Antragsformulare finden Sie auf den Seiten der Dokumente oder oben als pdf verlinkt)<\/span><\/p>\n<p><span style=\"color: #800000;\">zuz\u00fcglich legen Sie bitte nachfolgende Dokumente und Bilder dem Antrag bei.<\/span><\/p>\n<p><span style=\"color: #800000;\">\u2013 <strong>Einb\u00fcrgerungsgenehmigung bzw. Naturalisation durch BRD-Unternehmen<\/strong><\/span><\/p>\n<p><span style=\"color: #800000;\">\u2013 <strong>Polizeiliches F\u00fchrungszeugnis der BRD-Unternehmen<\/strong><\/span><\/p>\n<p><span style=\"color: #800000;\">\u2013 Ausgef\u00fcllter und unterzeichneter Antrag f\u00fcr das betreffende Dokument<\/span><\/p>\n<p><span style=\"color: #800000;\">\u2013 <strong>Ihre Geburts- bzw. Abstammungsurkunde<\/strong><\/span><\/p>\n<p><span style=\"color: #800000;\">\u2013 <strong>ein Lichtbild (gute Qualit\u00e4t als Foto, digital hohe Aufl\u00f6sung)<\/strong><\/span><\/p>\n<p><span style=\"color: #800000;\">\u2013 <strong>Kopie vom BRD-Perso \/ int. Ausweis \/ BRD-Reisepass<\/strong><\/span><\/p>\n<p><span style=\"color: #800000;\">\u2013 <strong>Kopie vom BRD-\u201eF\u00fchrerschein\u201c oder auch internationale F\u00fchrerscheine<\/strong><\/span><\/p>\n<p class=\"info\">*(Urteile 2 Bvl.6\/56, 2BvF 1\/73, 2 BvR 373\/83; BVGE 2,226 (277); 3, 288 (319ff; 5.85 (126); 6, 309, 336 und 363)<\/p>\n<p class=\"info\">Bei Nachfragen zu den beantragten Dokumenten wenden Sie sich bitte zu normalen Tageszeiten an unsere jeweiligen Volks-B\u00fcros, an die Druckerei oder an die Zentrale.<br \/>\n<strong>N\u00e4heres erfahren Sie durch schriftliche Anfrage<\/strong><\/p>\n<table border=\"0\" cellspacing=\"0\" cellpadding=\"0\">\n<tbody>\n<tr>\n<td width=\"110\" height=\"20\">ePost-Adresse:<\/td>\n<td width=\"320\"><span id=\"cloak19151\">zentrale@reichsamt.info<\/span><\/td>\n<\/tr>\n<tr>\n<td width=\"110\" height=\"20\">ePost-Adresse:<\/td>\n<td width=\"320\"><span id=\"cloak19151\">zentrale@reichsamt-des-innern.de<\/span><\/td>\n<\/tr>\n<tr>\n<td width=\"110\" height=\"20\">ePost-Adresse:<\/td>\n<td width=\"320\"><span id=\"cloak19151\">verwaltung@dramt.de<\/span><\/td>\n<\/tr>\n<\/tbody>\n<\/table>\n<\/div>\n<\/article>\n<\/div>\n<aside class=\"case\">\n<div id=\"lowerNav\" role=\"navigation\">\n<p>Postfachanschrift bitte vorher anfragen oder nur an:<br \/>\n<span style=\"font-size: 18pt; color: #0000ff;\"><strong>Postfach 390124<br \/>\n<\/strong><strong>14091 Berlin<\/strong><\/span><\/p>\n<\/div>\n<hr \/>\n<h3>Zur Heimat der Deutschen<\/h3>\n<p>29-September-2018<\/p>\n<p>Die Heimat der Deutschen ist Deutschland, wie es vor dem 01.08.1914 bestand, inklusive dem Beitritt Deutsch\u00f6sterreich, zum 12. November 1918.<\/p>\n<p><a class=\"\" href=\"https:\/\/www.nationalstaat-deutschland.de\/einheit\">mehr hierzu \u00bb<\/a><\/p>\n<p style=\"text-align: right;\">Verantwortlich f\u00fcr diesen Text zeichnet sich das <a class=\"\" href=\"https:\/\/www.reichsamt-des-innern.de\" data-cp-link=\"1\">Reichsamt des Innern<\/a><\/p>\n<\/aside>\n<\/section>\n<\/div>\n<\/div>\n<\/div>\n<\/div>\n<\/aside>\n<\/section>\n<\/div>\n<\/div>\n<\/div>\n<\/div>\n<div class=\"pdfprnt-buttons pdfprnt-buttons-page pdfprnt-top-bottom-right\"><a href=\"https:\/\/www.reichsamt.info\/jdr-druckerei\/wp-json\/wp\/v2\/pages\/2?print=pdf\" class=\"pdfprnt-button pdfprnt-button-pdf\" target=\"_blank\" ><\/a><a href=\"https:\/\/www.reichsamt.info\/jdr-druckerei\/wp-json\/wp\/v2\/pages\/2?print=print\" class=\"pdfprnt-button pdfprnt-button-print\" target=\"_blank\" ><img decoding=\"async\" src=\"https:\/\/www.reichsamt.info\/jdr-druckerei\/wp-content\/plugins\/pdf-print\/images\/print.png\" alt=\"image_print\" title=\"Inhalt drucken\" \/><\/a><\/div>","protected":false},"excerpt":{"rendered":"<p>Legitimation der Reichsdruckerei, siehe hier. \/ Unsere Seiten von Google durchsuchen lassen. Suche starten \u2013 Die Domain deutsche-reichsdruckerei.de und jdr-druckerei sind die [&hellip;]<\/p>\n","protected":false},"author":1,"featured_media":0,"parent":0,"menu_order":0,"comment_status":"closed","ping_status":"open","template":"","meta":{"footnotes":""},"class_list":["post-2","page","type-page","status-publish","hentry"],"yoast_head":"<!-- This site is optimized with the Yoast SEO plugin v27.1.1 - https:\/\/yoast.com\/product\/yoast-seo-wordpress\/ -->\n<title>Urkundendruckerei und das Personenstandsregister - Urkundendruckerei Deutsches Reich<\/title>\n<meta name=\"robots\" content=\"index, follow, max-snippet:-1, max-image-preview:large, max-video-preview:-1\" \/>\n<link rel=\"canonical\" href=\"https:\/\/www.reichsamt.info\/jdr-druckerei\/\" \/>\n<meta property=\"og:locale\" content=\"de_DE\" \/>\n<meta property=\"og:type\" content=\"article\" \/>\n<meta property=\"og:title\" content=\"Urkundendruckerei und das Personenstandsregister - Urkundendruckerei Deutsches Reich\" \/>\n<meta property=\"og:description\" content=\"Legitimation der Reichsdruckerei, siehe hier. \/ Unsere Seiten von Google durchsuchen lassen. Suche starten \u2013 Die Domain deutsche-reichsdruckerei.de und jdr-druckerei sind die [&hellip;]\" \/>\n<meta property=\"og:url\" content=\"https:\/\/www.reichsamt.info\/jdr-druckerei\/\" \/>\n<meta property=\"og:site_name\" content=\"Urkundendruckerei Deutsches Reich\" \/>\n<meta property=\"article:modified_time\" content=\"2026-03-16T10:58:51+00:00\" \/>\n<meta name=\"twitter:card\" content=\"summary_large_image\" \/>\n<meta name=\"twitter:label1\" content=\"Gesch\u00e4tzte Lesezeit\" \/>\n\t<meta name=\"twitter:data1\" content=\"4\u00a0Minuten\" \/>\n<script type=\"application\/ld+json\" class=\"yoast-schema-graph\">{\"@context\":\"https:\/\/schema.org\",\"@graph\":[{\"@type\":\"WebPage\",\"@id\":\"https:\/\/www.reichsamt.info\/jdr-druckerei\/\",\"url\":\"https:\/\/www.reichsamt.info\/jdr-druckerei\/\",\"name\":\"Urkundendruckerei und das Personenstandsregister - Urkundendruckerei Deutsches Reich\",\"isPartOf\":{\"@id\":\"https:\/\/www.reichsamt.info\/jdr-druckerei\/#website\"},\"datePublished\":\"2017-03-30T07:07:54+00:00\",\"dateModified\":\"2026-03-16T10:58:51+00:00\",\"breadcrumb\":{\"@id\":\"https:\/\/www.reichsamt.info\/jdr-druckerei\/#breadcrumb\"},\"inLanguage\":\"de\",\"potentialAction\":[{\"@type\":\"ReadAction\",\"target\":[\"https:\/\/www.reichsamt.info\/jdr-druckerei\/\"]}]},{\"@type\":\"BreadcrumbList\",\"@id\":\"https:\/\/www.reichsamt.info\/jdr-druckerei\/#breadcrumb\",\"itemListElement\":[{\"@type\":\"ListItem\",\"position\":1,\"name\":\"Startseite\",\"item\":\"https:\/\/www.reichsamt.info\/jdr-druckerei\/\"},{\"@type\":\"ListItem\",\"position\":2,\"name\":\"Urkundendruckerei und das Personenstandsregister\"}]},{\"@type\":\"WebSite\",\"@id\":\"https:\/\/www.reichsamt.info\/jdr-druckerei\/#website\",\"url\":\"https:\/\/www.reichsamt.info\/jdr-druckerei\/\",\"name\":\"Druckerei Deutschland\",\"description\":\"Bei uns erhalten sie Urkunden und Dokumente f\u00fcr Reichs- und Staatsangeh\u00f6rige und Personen die ihre Staatenlosigkeit beenden wollen.\",\"potentialAction\":[{\"@type\":\"SearchAction\",\"target\":{\"@type\":\"EntryPoint\",\"urlTemplate\":\"https:\/\/www.reichsamt.info\/jdr-druckerei\/?s={search_term_string}\"},\"query-input\":{\"@type\":\"PropertyValueSpecification\",\"valueRequired\":true,\"valueName\":\"search_term_string\"}}],\"inLanguage\":\"de\"}]}<\/script>\n<!-- \/ Yoast SEO plugin. -->","yoast_head_json":{"title":"Urkundendruckerei und das Personenstandsregister - Urkundendruckerei Deutsches Reich","robots":{"index":"index","follow":"follow","max-snippet":"max-snippet:-1","max-image-preview":"max-image-preview:large","max-video-preview":"max-video-preview:-1"},"canonical":"https:\/\/www.reichsamt.info\/jdr-druckerei\/","og_locale":"de_DE","og_type":"article","og_title":"Urkundendruckerei und das Personenstandsregister - Urkundendruckerei Deutsches Reich","og_description":"Legitimation der Reichsdruckerei, siehe hier. \/ Unsere Seiten von Google durchsuchen lassen. Suche starten \u2013 Die Domain deutsche-reichsdruckerei.de und jdr-druckerei sind die [&hellip;]","og_url":"https:\/\/www.reichsamt.info\/jdr-druckerei\/","og_site_name":"Urkundendruckerei Deutsches Reich","article_modified_time":"2026-03-16T10:58:51+00:00","twitter_card":"summary_large_image","twitter_misc":{"Gesch\u00e4tzte Lesezeit":"4\u00a0Minuten"},"schema":{"@context":"https:\/\/schema.org","@graph":[{"@type":"WebPage","@id":"https:\/\/www.reichsamt.info\/jdr-druckerei\/","url":"https:\/\/www.reichsamt.info\/jdr-druckerei\/","name":"Urkundendruckerei und das Personenstandsregister - Urkundendruckerei Deutsches Reich","isPartOf":{"@id":"https:\/\/www.reichsamt.info\/jdr-druckerei\/#website"},"datePublished":"2017-03-30T07:07:54+00:00","dateModified":"2026-03-16T10:58:51+00:00","breadcrumb":{"@id":"https:\/\/www.reichsamt.info\/jdr-druckerei\/#breadcrumb"},"inLanguage":"de","potentialAction":[{"@type":"ReadAction","target":["https:\/\/www.reichsamt.info\/jdr-druckerei\/"]}]},{"@type":"BreadcrumbList","@id":"https:\/\/www.reichsamt.info\/jdr-druckerei\/#breadcrumb","itemListElement":[{"@type":"ListItem","position":1,"name":"Startseite","item":"https:\/\/www.reichsamt.info\/jdr-druckerei\/"},{"@type":"ListItem","position":2,"name":"Urkundendruckerei und das Personenstandsregister"}]},{"@type":"WebSite","@id":"https:\/\/www.reichsamt.info\/jdr-druckerei\/#website","url":"https:\/\/www.reichsamt.info\/jdr-druckerei\/","name":"Druckerei Deutschland","description":"Bei uns erhalten sie Urkunden und Dokumente f\u00fcr Reichs- und Staatsangeh\u00f6rige und Personen die ihre Staatenlosigkeit beenden wollen.","potentialAction":[{"@type":"SearchAction","target":{"@type":"EntryPoint","urlTemplate":"https:\/\/www.reichsamt.info\/jdr-druckerei\/?s={search_term_string}"},"query-input":{"@type":"PropertyValueSpecification","valueRequired":true,"valueName":"search_term_string"}}],"inLanguage":"de"}]}},"_links":{"self":[{"href":"https:\/\/www.reichsamt.info\/jdr-druckerei\/wp-json\/wp\/v2\/pages\/2","targetHints":{"allow":["GET"]}}],"collection":[{"href":"https:\/\/www.reichsamt.info\/jdr-druckerei\/wp-json\/wp\/v2\/pages"}],"about":[{"href":"https:\/\/www.reichsamt.info\/jdr-druckerei\/wp-json\/wp\/v2\/types\/page"}],"author":[{"embeddable":true,"href":"https:\/\/www.reichsamt.info\/jdr-druckerei\/wp-json\/wp\/v2\/users\/1"}],"replies":[{"embeddable":true,"href":"https:\/\/www.reichsamt.info\/jdr-druckerei\/wp-json\/wp\/v2\/comments?post=2"}],"version-history":[{"count":7,"href":"https:\/\/www.reichsamt.info\/jdr-druckerei\/wp-json\/wp\/v2\/pages\/2\/revisions"}],"predecessor-version":[{"id":2970,"href":"https:\/\/www.reichsamt.info\/jdr-druckerei\/wp-json\/wp\/v2\/pages\/2\/revisions\/2970"}],"wp:attachment":[{"href":"https:\/\/www.reichsamt.info\/jdr-druckerei\/wp-json\/wp\/v2\/media?parent=2"}],"curies":[{"name":"wp","href":"https:\/\/api.w.org\/{rel}","templated":true}]}}